Let s(b) = 11*b + 231. Let u be s(-5). Suppose -132 = 7*t - 10*t. What is the highest common factor of t and u?
44
Let u = -15487 + 15637. What is the greatest common factor of 5050 and u?
50
Let b be 11 + -21 + -12 + 20. Suppose 0*l + 2*l = 3*f - 23, -f + 3*l = -10. Let s be f*(b + (1 - -3)). What is the greatest common divisor of 98 and s?
14
Suppose -5*o = 2*o - 287. Suppose 1455 = 7*d + o. Let w be d/10 + 1*3/(-15). Calculate the highest common factor of 140 and w.
20
Let x(z) = -315*z + 997. Let j be x(3). Let v be (4/(-6))/(7/(-6006)). What is the highest common divisor of j and v?
52
Suppose -13 = -a - w + 5, 3*a - 3*w - 30 = 0. Let y be 364/49 - (-8)/a. What is the highest common divisor of y and 148?
4
Let q be (-12 - 1)/(-5 + 4). Suppose q*w - 15*w + 12 = 0. Let k = w - -16. What is the greatest common divisor of k and 2?
2
Let t(s) = s**3 + 12*s**2 - 32*s. Let p = -45 + 49. Let f be t(p). What is the highest common divisor of 16 and f?
16
Suppose 15*w = 16293 + 15312. Calculate the greatest common divisor of 147 and w.
49
Let o(h) = h**3 - 6*h**2 - 4*h - 17. Let d be o(7). Let j be 5*(0 + d + 1). Let c = 41 - j. What is the greatest common factor of c and 64?
16
Let s(o) = 2*o + 29. Let m(f) = 6*f + 11. Let y be m(-4). Let a be s(y). Suppose a*t - 7 - 17 = 0. Calculate the greatest common divisor of 20 and t.
4
Suppose 9*y - 4*y - 25 = 0, j - 108 = 2*y. Suppose -28*h + 3198 = j. Calculate the greatest common factor of 10 and h.
10
Let o = -260 + 7. Let u = o - -259. Calculate the highest common divisor of u and 42.
6
Let w be (-2 - -8 - 8) + (1 - -34). What is the highest common factor of w and 517?
11
Suppose 30 = 2*q - 2*n, 4*q - 39 = 69*n - 72*n. What is the highest common factor of q and 1884?
12
Let k(c) = -3 - 24*c + 45*c - 2*c**2 - 38 - 11 + 3*c**2. Let o be k(-24). Calculate the highest common factor of o and 35.
5
Let i = 8796 + -5975. Calculate the highest common divisor of i and 1302.
217
Suppose 2*j + g = 1396, -g + 4 = -0. What is the greatest common factor of 1914 and j?
174
Let i(a) = 39*a + 634. Let u be i(2). Calculate the greatest common factor of 32 and u.
8
Let s be 13 + -23 - -6 - (-39005)/5. What is the highest common divisor of 46 and s?
23
Let u be -1*((-4)/18 + (-1085)/(-63)). Let j be (1 - u)*-6*(-12)/9. What is the greatest common factor of 9 and j?
9
Suppose 229 = n - r, -5 = 46*r - 47*r. Calculate the highest common factor of 156 and n.
78
Let c be 12*(11/4 + 0). Suppose -6*g + g = -95. Let t be g + -18 - (-1 - 163). Calculate the greatest common factor of t and c.
33
Suppose -4*u + 77 = -3*d - 40, -4*d = 4*u - 152. Let b be ((-474)/6 + 5)*-1. Suppose 77*x - b*x = 297. Calculate the greatest common divisor of u and x.
33
Let j(d) = 115*d**2 - 398*d + 11. Let q be j(7). Calculate the greatest common factor of q and 220.
220
Suppose 4*r - 2038 = -2*y + 658, -3380 = -5*r - 5*y. Calculate the greatest common factor of r and 273.
21
Suppose -y - 162893 = -42*y. What is the greatest common divisor of 29 and y?
29
Let y be (25/(-1))/((-3)/15). Suppose y = 3*m - 190. What is the greatest common divisor of 63 and m?
21
Let m(o) = o**2 - 2*o + 7. Let s be 6/(-9) + 20/30. Let v be m(s). Let d be 671/v + 2/14. Calculate the greatest common factor of 12 and d.
12
Let z(h) = -h**3 + 20*h**2 + 75*h - 33. Let p be z(23). What is the highest common factor of p and 3605?
35
Let j(g) = -80*g + 2301. Let i be j(-13). Calculate the greatest common factor of 13 and i.
13
Suppose 90*c - 8*c - 14514 = 0. Let n(k) = 8*k**2 + 2*k - 2. Let w be n(-4). Calculate the greatest common divisor of w and c.
59
Suppose 13 = g - 5*n, -4*g - 5*n = -2 - 0. Suppose -4089 = -5*f - 2*q, 0 = -g*f + 4*q + 2458 - 15. What is the highest common factor of f and 43?
43
Let y(c) = 2*c**2 + 494*c + 291. Let m be y(0). Calculate the greatest common factor of m and 53253.
291
Suppose 5*n = -50*n + 105293 + 435247. What is the greatest common divisor of n and 56?
28
Let d(z) = 8*z**2 + 22 - 15*z - 20*z + 40*z. Let t be d(-4). Calculate the greatest common factor of 5 and t.
5
Let w be 1775/10 - ((-108)/8)/(-9). Suppose -n + w = -5*g, 54 + 410 = 3*n + g. Calculate the greatest common factor of 117 and n.
39
Let l be 2*(-4 - -5) + 2/(-1). Suppose l = 29*u - 27*u - 78. Calculate the highest common factor of u and 195.
39
Suppose 0 = 2*k + 2*r - 176 - 104, -5*k = -2*r - 686. Let v(z) = -9*z + 2. Let h be v(-10). What is the highest common divisor of k and h?
46
Let o(b) = b**2 - b - 19. Let z be o(-5). Let u be 7/((-21)/30) + 604. What is the greatest common divisor of z and u?
11
Let y = 39 - 27. What is the highest common factor of y and 522?
6
Let x be (-10)/((20/(-112))/((-2)/(-4))). What is the greatest common factor of x and 7476?
28
Suppose -106 = -149*p + 249 - 206. Calculate the greatest common divisor of 1899 and p.
1
Suppose -7*s + 14 + 14 = 0. Let l be (-2)/(-11) - (-8)/(616/63). Let x be (4 + -40)/(-3)*l. What is the highest common divisor of s and x?
4
Let c = 16454 + -4750. What is the greatest common divisor of 19 and c?
19
Let v be (53 + 1760/(-40))*26/9. Suppose 484 = 4*p - 2740. Calculate the highest common factor of p and v.
26
Let u(i) = -9*i**2 + 96*i - 42. Let f be u(7). What is the greatest common divisor of 2583 and f?
63
Let z = -42 - -74. Let h = z - 38. Let b be (-36)/27 - 62/h. Calculate the highest common factor of 1 and b.
1
Suppose -3*w + 3*q = -306, 0 = w - 0*q - 5*q - 114. Suppose -9*j + 225 = -w. Calculate the greatest common divisor of 288 and j.
36
Let y(v) = -v**3 - 144*v**2 + 37*v. Let u be y(-145). What is the highest common factor of u and 120?
60
Let o be (13/3)/(3/(-9)) + -2. Let n = 93 - o. What is the greatest common divisor of n and 24?
12
Suppose 30*r + 336 = 42*r. Suppose 29*y = 15*y + r. Calculate the greatest common divisor of 206 and y.
2
Suppose 64*f = -15*f + 31995. Suppose 15*s - 840 = -13*s. What is the greatest common divisor of s and f?
15
Let i be 2/(-12)*3*-212. Suppose 24 = 13*q - i. Calculate the highest common factor of q and 190.
10
Let q = 34 + 4. Suppose -4*x = 3*u + 1 - q, 4*x - 15 = -u. Let g(z) = z**3 - 10*z**2 - 4*z + 19. Let l be g(u). What is the highest common factor of l and 24?
24
Let m be (-26)/(-65) - (4 + (1184/10)/(-4)). What is the highest common divisor of 8515 and m?
13
Suppose -o + 6 = 2*c, 4*o = 4*c + 21 - 9. Suppose 2*b - 1189 = -5*k, 0 = o*b - 7*k + 10*k - 2371. Calculate the greatest common divisor of b and 74.
74
Suppose -44*p + 11585 - 640 = -15191. What is the greatest common divisor of p and 81?
27
Let y be (-9)/2*(-54)/81. Let l be (896/(-6))/((-2)/y). Let w be 33/1 + 0 + -1. Calculate the highest common divisor of w and l.
32
Let r(l) = -2*l**3 - 147*l**2 + 13*l - 550. Let i be r(-74). What is the greatest common factor of 4 and i?
4
Let a = -529 + 582. Calculate the greatest common divisor of a and 11.
1
Let w = 238 - 282. Let g = w - -55. What is the highest common divisor of 22 and g?
11
Suppose 0 = -l + 4*d - 5, 0 = -4*l + 3*l + 3*d - 1. Let c be (-288)/(-9) + -3 + l. What is the greatest common divisor of 140 and c?
20
Suppose -4*f + 45 = -f. Let t(k) = 11*k - 32. Let x be t(2). Let z be (30/(-4))/(3 - (-35)/x). Calculate the highest common divisor of f and z.
15
Suppose -8 = -4*k, -5*w + 600 = -3*k - 174. Let v(z) = -7*z + 160. Let b be v(-5). What is the highest common divisor of w and b?
39
Let l be 6 + (30 - -4 - (2 - 2)). What is the greatest common factor of 130 and l?
10
Let d(u) = u**2 - 89*u - 1960. Let b be d(-31). What is the greatest common factor of b and 396?
44
Suppose 2057 = 32*i - 502 + 639. What is the highest common factor of i and 222?
6
Let a = 346 + 311. What is the highest common divisor of a and 27?
9
Let p = -9891 - -16683. Calculate the greatest common divisor of p and 72.
24
Suppose -386 = -32*g + 405 + 41. Calculate the highest common factor of g and 4706.
26
Suppose 4*p = -3*r + 53, 0 = 12*r - 16*r - 3*p + 80. Calculate the highest common divisor of 1426 and r.
23
Let v(d) = 5*d + 36 - d - d - 5*d. Suppose 5*m - 24 = 4*y + 37, 5*m - 3*y - 62 = 0. Let a be v(m). Calculate the highest common factor of 2 and a.
2
Let z = -119 - -125. Let m be (z - -668)/2 + (5 - 2). What is the highest common divisor of 85 and m?
85
Let q be 1/(-4) -